f l.
2, 163
Suppose v = -14*v + 8775. List the prime factors of v.
3, 5, 13
Let s(i) = -3*i**2 + 38*i + 17. Let x(z) = z**2 - 13*z - 6. Let b(m) = 6*s(m) + 17*x(m). Let g be b(10). What are the prime factors of (-470)/g + (-2)/3?
3, 5
Let b = -751 + 1460. What are the prime factors of b?
709
Let j = 81 - -396. List the prime factors of j.
3, 53
Suppose 2589 = 4*n + 3*f, 0 = -3*n - 3*f + 1388 + 553. What are the prime factors of n?
2, 3
Suppose 3*y - 1043 = -281. Suppose -5*c + y = -s - 301, -3*s - 345 = -3*c. What are the prime factors of c?
2, 5, 11
Let x = 302 - 128. What are the prime factors of x?
2, 3, 29
Suppose -n - 3 = -1. Let f = n + 7. List the prime factors of (44/5)/(2/f).
2, 11
Suppose -1 = f + 2*r, 4*f - 4 = 2*f - r. What are the prime factors of (3 + (0 - f))/1 - -16?
2
List the prime factors of (6885/(-34))/(2/(-4)).
3, 5
Suppose 46*g = 44*g + 150. What are the prime factors of g?
3, 5
Let w be (-24)/(-8) + -5 + (-2)/1. Let l(y) = 17*y**2 + 12*y - 4. List the prime factors of l(w).
2, 5, 11
Let w(q) = -2*q**3 - 13*q**2 + 2*q + 5. Let k be w(-4). Let m = 7 - k. List the prime factors of m.
2, 3, 5
Let u be (-1)/(-6) + (-94)/(-12). Let s be (u/(-3))/(2/(-6)). Let b = -6 + s. What are the prime factors of b?
2
Let p(j) = j**3 + 19*j**2 + 13*j + 22. What are the prime factors of p(-13)?
3, 17
Let n(m) = m**3 - 7*m**2 + 4*m + 12. Let u be n(6). Suppose 3*d + d = u. Suppose d = -5*l + 126 + 159. List the prime factors of l.
3, 19
Let v(m) = -5*m**2 + 3*m + 26. Let l(y) = 10*y**2 - 7*y - 53. Let s(i) = -4*l(i) - 9*v(i). What are the prime factors of s(-7)?
2, 3
Let a be (-4 + (-4 - -5))*-1. Suppose -a*r = -5*w + 748, 7*r + 5 = 2*r. List the prime factors of w.
149
Let a(i) = -50*i - 33. What are the prime factors of a(-6)?
3, 89
Let i = 5985 - 1301. What are the prime factors of i?
2, 1171
Let n(t) = -t**2 - 42*t + 97. What are the prime factors of n(-27)?
2, 251
Let z(c) be the third derivative of c**4/12 + c**3/2 - 39*c**2. Suppose -4*t + k + 16 = -2*t, -18 = -2*t + 2*k. List the prime factors of z(t).
17
Let z(g) be the second derivative of -g**5/20 - g**4/6 - g**3/3 - 2*g**2 - 12*g. List the prime factors of z(-4).
2, 3
List the prime factors of (-7 + 4 + 2)*-317.
317
What are the prime factors of 0 + 615 - (0 + 4 + -4)?
3, 5, 41
Suppose -4*j = 5*l - 33, -3*l = -j + 73 - 69. What are the prime factors of j?
7
Let t = 542 + -259. Let p = 422 - t. What are the prime factors of p?
139
Suppose -10*n - 12 = -4*n. What are the prime factors of -1 - ((-173)/(-2) - -2)*n?
2, 11
Let w = 18 + -18. Suppose 3*z - 2*x = 101, 5*z - z + x - 120 = w. List the prime factors of z.
31
Let h be (32/(-40))/(2/(-1445)). Suppose -186 = -t - 2*k, 3*t - k + h = 6*t. What are the prime factors of t?
2, 97
Suppose 2*k = -4, -4*k + 720 = 2*i - k. Suppose -62 = -5*b + i. List the prime factors of b.
5, 17
Let m(b) = -b**3 - 4*b**2 + 5*b + 1. Let g be m(-3). Let t = 109 - g. List the prime factors of t.
2, 3, 11
Let q = -8836 + 12601. What are the prime factors of q?
3, 5, 251
Let b(p) = -21*p - 44. List the prime factors of b(-8).
2, 31
Suppose -b = -0*b + 5*o + 16, 0 = -2*b - o - 41. Let j be (4 - 5)/(3/b). Suppose j = 2*s - 7. What are the prime factors of s?
7
Suppose -b + 25 + 17 = x, -2*b = -5*x - 63. Suppose -d + b + 13 = 0. What are the prime factors of d?
2, 13
Let u(t) = -2*t**3 - 6*t**2 - 18*t - 19. Let a be u(-7). Let m = -345 + a. List the prime factors of m.
2, 7, 11
Suppose 12 + 132 = 3*w. Let t be w/(-20)*(-5)/2. Suppose 70 = t*f - f. What are the prime factors of f?
2, 7
Let d(n) = 2*n**2 - 10*n + 15. Let c(v) = -v**2 + 7*v - 10. Let z(f) = 8*c(f) + 5*d(f). Let i be z(-7). Suppose 3*k - i = 48. List the prime factors of k.
3, 11
Suppose 5*n - 2*p - 5547 = 0, 2*p + 2472 = 2*n + 258. List the prime factors of n.
11, 101
Let m = -49 + 34. Let r = m + 59. List the prime factors of r.
2, 11
Let k(n) = 17*n**2 - 2*n - 2. Let v be k(2). Suppose 0 = -3*c - v - 4. Let b = c - -38. What are the prime factors of b?
2
Suppose 3*v = 3*t - 360, 0 = -7*t + 2*t - 2*v + 635. What are the prime factors of t?
5
Let n(u) = -4*u**3 - 16*u**2 + 15*u + 2. Let r(w) = 5*w**3 + 17*w**2 - 15*w - 3. Let t(k) = -4*n(k) - 3*r(k). What are the prime factors of t(-14)?
3, 5
Let u(d) = -d**3 + 8*d**2 - 5*d - 10. Let s be u(7). Suppose 358 - 10 = s*l. Suppose 2*j - l = -j. What are the prime factors of j?
29
Let r(m) = 3*m**2 + 2*m - 8. Let q be r(-6). Suppose 20*a - q = 16*a. What are the prime factors of a?
2, 11
Let o(d) = 13*d**2 + 1. Let q(i) = -i**2 + 11*i - 31. Let u be q(5). What are the prime factors of o(u)?
2, 7
Let c(y) = y**3 + 7*y**2 - 2. Let b be c(-3). Suppose 2*r = 3*v + 41, -4*v = -2*r + b + 8. List the prime factors of r.
19
Let n = 87 - 51. Suppose -m - 5 = 0, -3*i + n + 112 = 4*m. Suppose 4*j - 2*g = 2*g + i, -2*g = -3*j + 42. List the prime factors of j.
2, 7
Let a be 1310/(-18) - 2/9. Let b = a + 160. Suppose 4*t - 37 = b. What are the prime factors of t?
31
Let r(t) be the first derivative of 5*t**2 - 12*t + 1. Let n(f) = -f**3 + 10*f**2 - 19*f - 8. Let y be n(7). What are the prime factors of r(y)?
2, 3
Suppose 4*a - 14011 = 2*q + 6093, -25129 = -5*a + 3*q. List the prime factors of a.
11, 457
Suppose 5*j - 7*j + 1024 = 0. Suppose 192 = -4*w + j. What are the prime factors of w?
2, 5
Let p = 33 - 29. Suppose -f = 2*g - 78 - 178, 3*f = -p*g + 510. List the prime factors of g.
3, 43
Let s be (-2)/14 - 2976/42. Let x = s - -121. List the prime factors of x.
2, 5
Let r = -44 + 1. Let m = 21 + r. What are the prime factors of -6 - m - (0 - 2)?
2, 3
Suppose -20*l + 10472 = 8*l. What are the prime factors of l?
2, 11, 17
Suppose 14*i - 9*i - 20 = 0. Suppose -i*d + 44 = -w, -4*w - 34 = -4*d + 22. List the prime factors of d.
2, 5
Let z(n) = n**3 + 5*n - 9*n**2 + n - 1 - 4*n. Let v be z(9). Let j = v + 5. What are the prime factors of j?
2, 11
Let v = 410 - -69. What are the prime factors of v?
479
Suppose p + 5 + 7 = 2*r, -8 = 3*r + 5*p. List the prime factors of (23/2)/(r/8).
23
Let f(y) = y**2 + 1. Let a be (78/65)/((-6)/(-40)). Let b = a - 6. List the prime factors of f(b).
5
Suppose 7*q + 12 = 47. Suppose -35 = q*o - 410. What are the prime factors of o?
3, 5
Suppose 7*y - 300 = 4*y. Suppose -y - 436 = -8*i. What are the prime factors of i?
67
Suppose -11 = -3*u - 2*f, u - 2*f - 3 = 2*u. Suppose v = u*v - 72. What are the prime factors of v?
2, 3
Suppose -2*r = 7*r + 513. Suppose 0 = -v + 3*v + 212. Let a = r - v. List the prime factors of a.
7
Let j(d) be the first derivative of 15*d**2/2 - 46*d - 26. List the prime factors of j(8).
2, 37
Let s be (14/21)/(1/(-6)). Let j be 20/s*(-9)/5. Suppose -5*p = -j*p + 132. What are the prime factors of p?
3, 11
Suppose 0 = 9*a - a. Suppose -5*k + a = -10. Suppose -k*b + 0*b + 158 = 0. List the prime factors of b.
79
Suppose -14*m + 17*m - 666 = 0. Suppose 4*s - 870 = -0*b + 5*b, -b = s - m. What are the prime factors of s?
2, 5, 11
What are the prime factors of ((-4)/10)/((-12)/2220)?
2, 37
Let i = -28 - -29. Let b be 14/(-35)*(i - -24). Let u = b - -15. List the prime factors of u.
5
Let b be (2/(-3))/(7/(-21)). Let m(j) = 2*j**2 - 4*j + 2. Let v be m(b). What are the prime factors of (v/6)/(1/57)?
19
What are the prime factors of (3*16/(-36))/((-8)/1332)?
2, 3, 37
Let u(n) = -9*n**2 - 23*n - 9. Let v(x) = -10*x**2 - 24*x - 9. Let o(f) = -6*u(f) + 5*v(f). List the prime factors of o(-8).
11
Let p(b) = 5*b**3 + 2*b**2 + 2*b + 1. Let l be p(3). Suppose 5*q = 5*m - l, -3*m - 3*q + 8*q = -90. What are the prime factors of m?
5, 7
Let s(q) = -q**3 + 8*q**2 - 9*q + 9. Let x be s(6). Let p be -6*12/(-18)*4. Let d = x + p. What are the prime factors of d?
43
Let m(g) = g**2 - g - 32. Let z be m(0). List the prime factors of 15/4*z/(-3).
2, 5
Suppose b + 3 = 2*b, 3*h - b = 1332. List the prime factors of h.
5, 89
Let j(k) = -6*k**3 - 19*k**2 - 76*k + 4. List the prime factors of j(-5).
659
Suppose -6*w + 4*w + 17 = 3*b, 0 = -w + 3*b + 13. Let j(m) = 2 - 17*m + 1 - 4 - w*m. List the prime factors of j(-1).
2, 13
Let i = -596 + 611. Suppose -78 = -4*t + 2*j, -3*j = 5*t - 4*j - 90. Suppose 0 = 4*c - i - t. What are the prime factors of c?
2
Suppose 4*z - 2*d = 8*z - 20730, 5*z + d - 25905 = 0. List the prime factors of z